 1. Let v(t) = 34*q(t) + 6*y(t). What is v(j)?
-10
Let s = 634 - 651. Let p(j) = 3*j + 40. What is p(s)?
-11
Let y(j) = j**3 + 3*j**2 - j + 2. Let n(s) = s**3 + 14*s**2 + 30*s + 70. Let q be n(-12). Determine y(q).
8
Let n be (6/7)/((-14)/(-49)). Suppose -3*d + 3 + n = 0. Let o(f) = 4 + 0*f - 3*f**2 - 3*f + 2*f**d. What is o(-3)?
4
Let f(b) = -b**3 - 3*b**2 + 7*b. Suppose -5 = 3*v + 5*t, -7*v - 16 = -3*v + 2*t. Let l(y) = -3*y**2 - 11*y + 15. Let w be l(v). What is f(w)?
15
Let j(w) = -13*w**2 + 68*w - 11. Let x be j(5). Let k(d) = d**3 - 5*d**2 + 5*d + 4. Determine k(x).
8
Let y = -6 - -25. Let z(b) = -2*b**2 + y*b - 37*b + 17*b - 2. Suppose -u = -3*d - 2*d - 18, 5*d + 20 = 0. What is z(u)?
-8
Let h(d) = -4*d**3 + 10*d**2 + 10*d - 13. Let b(f) = -f**3 + f**2 + 3*f - 1. Let l(y) = -3*b(y) + h(y). Give l(7).
-3
Let o(x) = 3*x + 2. Let i(d) = 2*d + 2. Let b(a) = 5*i(a) - 4*o(a). Let n be ((-3)/(-12))/((-2)/(-24)). Give b(n).
-4
Let r(b) = -2*b**2. Suppose -3*u - 2*g - 3*g = 114, -5*g + 38 = -u. Let m be 6/(-21) + u/14. Let k(y) = y**3 + 2*y**2 - y + 4. Let s be k(m). Determine r(s).
-8
Let u(p) = 4*p**2 + 3*p + 1. Let d = -561 + 559. Calculate u(d).
11
Let r = 831 + -826. Let w(t) = 4*t - 4. What is w(r)?
16
Let f(j) = -2056 - 50*j + 2053 + 47*j. Let b(g) = -g**2 + 4*g + 2. Let c be b(5). Let u = c - 1. What is f(u)?
9
Let k(n) = n**2 + 9*n - 2. Suppose -j + 36 = -3*v + 16, -4*j = 4*v + 32. What is k(v)?
-16
Let n(i) = -i**2 - 3*i - 5. Let o be ((14/(-3))/(-2))/((-7)/21). Let v be -2 + (o - -3 - -2). Give n(v).
-9
Let n(z) be the second derivative of -z**4/12 - 7*z**3/6 - z**2 - 2*z. Let f = 7 + -4. Suppose -6 = f*r + 9. Determine n(r).
8
Let f(a) = 9*a. Let p be f(1). Let t = p + -13. Let b(m) = m - 3. Calculate b(t).
-7
Let a(c) be the third derivative of c**5/60 - 7*c**4/24 - 7*c**3/6 + 310*c**2 - 2. Suppose -4*x + 6*x - 18 = 0. Give a(x).
11
Let b(h) = 3*h**2 - 2*h. Let k(d) = 10*d**2 - 7*d + 1. Let r(x) = -7*b(x) + 2*k(x). Let s(u) = 6*u + 5*u - u**2 + 0*u - 4*u - 12. Let y be s(5). Determine r(y).
-2
Suppose 0*x + 2*x - 8 = 0. Let l(p) = 17*p + 7. Let r be l(1). Let c(b) = -26 - x*b + 49 - r. Give c(-1).
3
Suppose 2*m = -0*m + m. Let g be 2/4*(m - 0/(-2)). Let q(j) = j**3 + j**2 + j - 9. Determine q(g).
-9
Let k be (9/2 - 3)/((-1)/(-4)). Let m(a) = a**3 - 6*a**2 - 2*a + 10. Determine m(k).
-2
Let r(a) = -19*a**2. Suppose 7*z - 171 + 24 = 0. Suppose 4*m - 13 - 2 = -s, 4*m - z = 5*s. Give r(s).
-19
Let x(g) = -2*g - 1. Let z(c) = 3*c + 40. Let w be z(-11). Suppose -w*u + 2*u = 15. Determine x(u).
5
Let d be 0/1 + (-14)/(-7). Suppose d*w = 11 + 5. Let u(k) = k**2 - 4 - 3 + 3*k - 2 + w. Calculate u(-3).
-1
Let x(m) be the first derivative of -m**4/4 + 5*m**3/3 - m**2/2 - 4*m - 1. Let z = -188 - -242. Suppose z = 12*h - 6. Give x(h).
-9
Let v(r) = -43*r - 30. Let o(w) = 9*w + 7. Let g(t) = 9*o(t) + 2*v(t). Suppose -2*n - 18 = -0*n. Let q = 6 + n. Give g(q).
18
Let c(h) = h**3 - 10*h**2 + 11*h + 6. Let t(j) = j**3 - 15*j**2 + 23*j + 48. Let v be t(13). Determine c(v).
24
Let c(v) = 0*v**3 + 3*v - 14*v**2 + 1 + v**3 + 20*v**2. What is c(-5)?
11
Let v(x) = 1985*x + 5 + 1977*x - 3967*x. Calculate v(1).
0
Suppose -4*h + 27 = -1. Let p(r) = r**3 - 5*r**2 - 13*r - 6. Let k be p(h). Let u(t) = -t**3 - 2*t**2 + 2*t - 1. Give u(k).
-2
Let s(a) be the second derivative of a**4/12 + a**3/2 - a**2/2 - 2*a. Let j(c) = -c**3 - c**2 + 13*c. Let v be j(-4). Determine s(v).
3
Let x(k) = 2*k + 1. Let l(r) = -157*r - 153*r + 309*r. Let v(w) = 3*l(w) + 2*x(w). What is v(0)?
2
Suppose 0 = -8*n + 20 - 4. Let p(h) = -n*h - 18 - 19 + 43. Determine p(5).
-4
Let f(z) = -z**2 - 17*z - 2. Let g be 18/(-78) + (-1090)/65. Determine f(g).
-2
Let y(f) = -2*f**2 - f + 1. Suppose 0 = 3*o + 22 - 13. Determine y(o).
-14
Let l = 13 - 11. Suppose l - 4 = -h. Let z(x) = 6 + 2*x**2 - 4*x - 3*x**h - 2 + 2*x**2. Calculate z(5).
9
Let c(i) = i**2 - 10*i + 19. Let p be c(6). Let l(d) = 6*d + 4. Let x(w) = w. Let k(a) = p*x(a) + l(a). Determine k(-5).
-1
Let h(n) = -6 + 4 - 134*n + 65*n - 2*n**2 + 72*n + n**3. Let g(p) = 2*p**2 - 3*p - 2*p**2 + p**2 - 2. Let u be g(4). Give h(u).
4
Let a(m) = -m**3 - 6*m**2 + 6*m - 10. Let f(i) be the third derivative of -1/8*i**4 - 7/6*i**3 + 5*i**2 + 0 - 1/60*i**5 + 0*i. Let z be f(-3). Give a(z).
-3
Let p(h) = -4*h - 4. Let y(v) = -5*v - 6. Let j(z) = 6*p(z) - 5*y(z). What is j(-9)?
-3
Let a be (2/(-4)*0 - 2)/2. Let n(r) = -r - 1. Determine n(a).
0
Let u = -46 + 45. Let t(m) = 13*m**2 - m + 1. Let x(y) = -1. Let d(k) = -t(k) - x(k). Calculate d(u).
-14
Let b(c) be the third derivative of -c**6/120 - c**5/15 - c**4/4 - 7*c**3/6 - 434*c**2. Calculate b(-2).
-3
Let b(h) = h**2 - 16*h + 13. Let n(u) = u**2 - 19*u + 11. Let d(o) = 6*b(o) - 5*n(o). Calculate d(0).
23
Let b(m) = m**2 + 2*m - 1. Suppose s + 9*s = -50. What is b(s)?
14
Let r(j) = -j**2 - 2*j + 2. Let k(b) = -2*b**2 + b + 5. Let d(n) = k(n) - 3*r(n). Give d(-10).
29
Let o be 2449/217 + (-1 - (-10)/14). Let f(i) = i**3 - 13*i**2 + 24*i - 14. Give f(o).
8
Let n(f) = -2*f**2 - 7*f - 6. Suppose -3*u + u - 10 = 0, -2*p = -4*u - 108. Suppose 0 = 5*q + 6*q + p. Determine n(q).
-10
Let v be 2/(-4) + 10/4. Let i(d) = 3 - d**2 - 4*d - 362*d**3 - 2*d**2 + 2*d + 363*d**3. What is i(v)?
-5
Let w be 4/10 - 143/(-55). Let d(u) = 0*u - u + 0*u + 3 + 4*u - 2*u**2. Determine d(w).
-6
Let s(c) = -19*c**2 + c + 6. Let z(b) = -4*b**2 + 1. Let m be 1 - (4 + -2 - 4)/2. Let h(o) = m*s(o) - 11*z(o). What is h(-1)?
5
Let j(u) = -u**2 + 18*u - 84. Let i be j(6). Let r(k) = k**2 + 14*k - 16. Give r(i).
-40
Let j(k) = -k**2 + 4*k + 2. Suppose 2*o - 3*q = 12 - 13, 14 = 2*o + 2*q. Give j(o).
2
Suppose 20*n + 16 = 24*n. Suppose 0*v + 4 = 2*v. Let l(b) = 2*b - 2*b - 1 - v*b + 6. What is l(n)?
-3
Let v(t) = -2*t**2 + 2*t. Let q be v(3). Let o = 21 + q. Let h(l) = -2*l**2 - o*l + 4 - 3 + 0 + 7*l. Determine h(1).
-3
Let u(w) = -2*w**2 - 8*w + 5. Let k(d) = d**2 + 3*d - 2. Let l(m) = 5*k(m) + 2*u(m). Let v be (-9)/(4 - 1) + 5 + 1. What is l(v)?
6
Let v = 7 + -12. Let h(d) = 5*d**3 - 16*d**2 + 12*d - 2. Let i(m) = -m**3 + 2*m**2 - m + 1. Let q(x) = -h(x) - 6*i(x). Calculate q(v).
1
Let k(v) be the third derivative of v**4/24 + v**3/3 - 4*v**2 - 2. Give k(8).
10
Let w(f) be the second derivative of f**4/12 + 4*f**3/3 + 2*f**2 + 141*f. Determine w(-9).
13
Suppose 710*m - 56 = 696*m. Let r(x) = -x**3 + 3*x**2 + x + 6. Give r(m).
-6
Let q(d) = -9*d + d + 12*d - 2 + 12 + 3. Determine q(-5).
-7
Suppose 10 = -5*s + 3*s. Let w(x) = 3*x + 6. Determine w(s).
-9
Let b(d) = -d**3 + 32*d**2 + 57*d + 368. Let t be b(34). Let r(c) be the first derivative of c**3/3 + 5*c**2/2 - 2*c + 1. Determine r(t).
4
Let o(z) = -z**2 - z + 5. Let f be ((-26)/(-65))/((-1)/(-40)). Suppose f*g = 14*g. Suppose g*s + 3*s = -12. Give o(s).
-7
Let m(k) = -k**2 - 3*k + 2. Suppose 0 = 6*o + 45 + 87. Let x = o + 19. What is m(x)?
2
Let q(j) = -22*j**2 + 1. Let l = -635 + 634. Determine q(l).
-21
Suppose h = 5*l - 9, -2*l + 9 = -0*l + 5*h. Let v(g) = 2*g**2 - 4*g**l + 1 - 10*g - 7. Calculate v(-6).
-18
Let y(k) = k**3 + 9*k**2 + 9*k - 5. Suppose 26*q = 34*q + 48. Determine y(q).
49
Let a = -57 - -54. Let u(l) = 9*l + l**2 - 6*l + 3 + 0*l. What is u(a)?
3
Let a(l) = -l. Suppose 4 = -5*b + 29. Give a(b).
-5
Let u(i) = -i**3 + 3*i**2 + 7*i + 2. Let n be 85/17 - 2*-1. Let q = n - -2. Suppose -3*d + 3*y + q + 6 = 0, -4*y = -5*d + 25. Determine u(d).
-13
Let m(o) = o - 5. Let i be 24/(-14)*(-14)/4. What is m(i)?
1
Let z(d) be the second derivative of d**4/3 + d**3/6 + 27*d - 1. What is z(-1)?
3
Let i(z) = z**2. Let v(a) = -a**3 + 8*a**2 - 2*a + 7. Let h(k) = 5*i(k) - v(k). What is h(3)?
-1
Suppose 2619*b - 45 = 2628*b. Let t(q) be the first derivative of q**4/4 + 5*q**3/3 + q**2/2 + 3*q + 1. What is t(b)?
-2
Let h(v) = 32*v**3 + 4*v**2 + 2*v - 3. Let l be h(2). Let z(w) = -6*w + 3 - 281*w**2 - w**3 + 6 + l*w**2. What is z(-7)?
2
Let n(u) = -3*u**3 - 2*u**2 - 2*u - 1. Suppose -5 = -4*s - 29. Let i be (-927)/(-24) - s/16. Let h be 2/11 - i/33. Calculate n(h).
2
Let h(s) = -5. Let l(f) = 5*f - 50. Let c(d) = 30*h(d) - 3*l(d). What is c(-1)?
15
Let m(s) = -1. Let x(i) = i**2 + i + 1. Let a(n) = 2*m(n) + x(n). Let c = -197 - -194. Calculate a(c).
5
Let u(c) = -4 + 0 + 16 - c - 3